digit of r(k)?
4
Suppose 5*w = -5*a - 1790 + 21040, -w + 3850 = -4*a. Suppose -5*l - 860 = -w. What is the hundreds digit of l?
5
Let i(s) = -s**2 - 8*s + 7. Let o be i(-7). Suppose o*u + 120 = 17*u. Suppose -37*f + u*f - 12 = 0. What is the units digit of f?
4
Suppose m + 121 - 35 = 0. Let x = m - -50. What is the units digit of 4/18 - 2836/x?
9
Let v = 11 + -21. Suppose 0 = -y - 5*j + 3*j + 18, 4*y - 3*j - 83 = 0. What is the units digit of 4*54/v*y/(-4)?
8
Let m = 21 - 15. Suppose 0*l = -l + m. Suppose l*v = 8*v - 148. What is the tens digit of v?
7
Let r = 217 + -402. Let b = 712 + r. What is the tens digit of b?
2
Suppose 2*g + 265 = -4*z + 89, 4*g + 358 = -5*z. Let b = g + 585. What is the hundreds digit of b?
4
Suppose -4*t + 5*i + 33 = -2*t, 5*t = -5*i - 5. Suppose 20 = -t*m - 16. What is the units digit of (-78)/(-2) + 7/(21/m)?
6
Let k be 366*1*5/(-2). Let l = 1026 - k. What is the hundreds digit of l?
9
Let f be -3*8/(120/(-35)). Suppose -4*u = -f*u + 132. What is the units digit of u?
4
Let u(l) = 268*l**3 + l**2 + 2*l - 2. Let a be u(1). Let y = a + 155. What is the hundreds digit of y?
4
Let b(k) be the third derivative of k**6/120 - k**5/30 - k**4/12 + k**3/6 + 19*k**2. Let h be b(3). What is the tens digit of 10*388/56 - h/14?
6
What is the units digit of 0 + (-8 + 10)*5270?
0
Suppose 420 + 272 = 4*c. Let m = 1442 - c. What is the hundreds digit of m?
2
Suppose -381*b + 376*b + 494426 = -4*q, 2*b - q - 197768 = 0. What is the ten thousands digit of b?
9
Suppose o - 5*u - 12 = -u, o - 9 = 3*u. What is the tens digit of ((-330)/22)/(o - 1)?
1
Let c(x) = -25 - 48*x - x**2 - 45 + 22*x. What is the units digit of c(-15)?
5
Suppose 2 = 6*o - 28. Suppose -3*r = 3, 4*r - r = -o*u + 847. Let s = 306 - u. What is the tens digit of s?
3
Suppose -8*r + 48026 = -2*t, -15 = -40*t + 43*t. What is the hundreds digit of r?
0
Suppose 125*f + 411522 = -107*f + 1772434. What is the units digit of f?
6
Let j = -1 + 181. Let y = j - 67. What is the hundreds digit of y?
1
Let j(m) = -13*m - 202. Let d be j(-13). What is the tens digit of 9480/33 - (-9)/d?
8
Let k be ((-4)/(-3))/((-30)/(-45)). Suppose 2*t + f = -2*t + 111, k*t = 5*f + 83. Suppose 0 = x - 101 - t. What is the units digit of x?
0
Let f = 14127 - 2432. What is the hundreds digit of f?
6
Let a = 479 - 482. Let k(r) = -281*r + 33. What is the tens digit of k(a)?
7
Let y(l) = -l**3 - 12*l**2 - 2*l - 9. Suppose 3*h - 2*o - 172 = 0, -4*h + o - 16 = -252. Suppose -5*k + 10*k = -h. What is the tens digit of y(k)?
1
What is the hundreds digit of ((11960/(-140))/(-23))/(2/20762)?
5
Let c(h) = 178*h - 14. Let b be c(-14). What is the hundreds digit of ((b/(-6))/(-7))/((-1)/6)?
3
Let y(w) = 2*w**2 + 2*w - 37. Let p be y(-5). Suppose 0 = 5*r - p*o - 2340, 3*r - 2*o + 920 = 5*r. What is the hundreds digit of r?
4
Suppose -207 = 2*b + 33. Let l = 320 + b. What is the units digit of l?
0
Let g(c) = c**3 - 20*c**2 - 21*c - 11. Let t be g(21). What is the tens digit of ((-4061)/(-11) - 3) + 2/t?
6
Suppose -4*s - 12*s + 8*s + 183520 = 0. What is the tens digit of s?
4
Let o = 8336 - 5692. Suppose 3*y - 5*w - o = 0, w = 5*y + 4*w - 4384. What is the units digit of y?
8
Let w = -474 - -481. Let p(b) be the first derivative of -b**3/3 + 7*b**2 + 8*b + 1. What is the units digit of p(w)?
7
Suppose -602*y = -588*y - 193788. What is the tens digit of y?
4
What is the thousands digit of 58/377 + (-93871)/(-13)?
7
Suppose 18 + 22 = -2*s. Let m(j) = -20*j**2 + 33 - 18*j - 15*j + 53*j - j**3 - 14*j - 10*j. What is the tens digit of m(s)?
1
Suppose 0 = -6*q + q + 1255. Let n(s) = 27*s + 47. Let z be n(4). Suppose -a - z - q = -2*d, -5*a - 20 = 0. What is the units digit of d?
1
What is the units digit of 54/(-12)*-2 + 1924?
3
Suppose -7*r = 10*r. Suppose r = 105*s - 106*s + 2006. What is the units digit of s?
6
Let o = 163 + -153. Suppose 4*l + 2*q - 262 = 0, -12*l + o*l + 4*q + 146 = 0. What is the tens digit of l?
6
Let p = -249 + 149. Let h(q) = -4*q**2 + 2*q + 4. Let y be h(-3). Let s = y - p. What is the units digit of s?
2
Let m = 502 - 153. Let w = -74 + m. Suppose -3*t - 4*i = -0*i - 404, w = 2*t - 3*i. What is the units digit of t?
6
Let a = 261 - 652. Let r = 1057 + a. What is the hundreds digit of r?
6
Suppose 2*u = 4*o - 50, -2*o - 8 = -3*o - u. Let n = -26 + 46. Let i = n + o. What is the tens digit of i?
3
What is the thousands digit of 1/30*361106 + 30/225?
2
What is the tens digit of (9*18/(-243))/((4/(-26646))/2)?
8
Let c(i) = i**3 + 39*i**2 + 38*i + 507. What is the tens digit of c(-22)?
9
Suppose -6*d = -1106 - 1108. Suppose 2*h - 282 = g, -2*g + d = 2*h + 75. Suppose 0 = 144*z - h*z - 246. What is the hundreds digit of z?
2
Suppose 0 = 579*z - 568*z + 2475. Suppose -x - 55 = 34. Let d = x - z. What is the tens digit of d?
3
Suppose 2*w - o = w + 111, -w - 3*o = -107. Suppose 11*r - 2310 = -w. What is the tens digit of r?
0
Suppose 33*o + 5586 = 723237. What is the units digit of o?
7
Suppose -3*f + 10820 = z, -4*z + 2972 = f - 620. What is the units digit of f?
8
Let y(j) = 10589*j - 144. What is the thousands digit of y(2)?
1
Suppose -18*l + 10018 + 8306 = 0. Suppose -3*n - 11*b + 1531 = -10*b, 2*n - l = 2*b. What is the tens digit of n?
1
Suppose -11*p + 4 = -10*p. Suppose -3*z + 2 = -p. Suppose c = -2*m + 116, m - 47 = z*c + 3*c. What is the tens digit of m?
5
Suppose 8*p + 10 - 42 = 0. Suppose -2*o = 4*k - 1806 - 1546, p*o + 3*k - 6714 = 0. What is the hundreds digit of o?
6
Let r(p) = 1019*p + 1802. What is the tens digit of r(8)?
5
Let u(m) = m + 14. Let w be u(6). Suppose -w*v - 2030 = -27*v. What is the tens digit of v?
9
Let p = -10293 + 20245. What is the hundreds digit of p?
9
Let f = 3722 - -195. What is the tens digit of f?
1
Let z be (105 + 0)*112/48. Let w = -95 + z. What is the tens digit of w?
5
Suppose -91*i = -25*i - 763958 - 817006. What is the units digit of i?
4
Let f be 1*(-6 + 52/(-1)). Let q = f - -176. What is the tens digit of q?
1
Let h = 1193 - 561. Let m = -146 + h. What is the tens digit of m?
8
Let n = -31 + 23. Let m be (n/6)/((-4)/(-36)). What is the units digit of (-232)/4*m/8?
7
Suppose b = -2*x - 14 - 6, -24 = 2*x - b. Suppose 4*m = 7*m - 18. What is the tens digit of (m*1)/(x/(-473))?
5
Let b(r) = -3*r + 2. Let h be b(8). Let w(j) = 5*j**2 + 18*j + 6. Let l(g) = 27*g**2 + 92*g + 30. Let c(y) = -2*l(y) + 11*w(y). What is the units digit of c(h)?
2
Let g be ((-20)/(-15))/(4/6) + 7. Suppose 40 = 5*f - g*f. What is the units digit of 8/f*30/(-4)?
6
Suppose -2*b - 18 - 69 = -w, -2*w + 169 = b. Let x = 1522 + -1477. Let t = w + x. What is the units digit of t?
0
Let n = 89 - 85. Suppose 2 + 5 = 2*f + m, 0 = -n*f + 3*m + 9. Suppose f*l = 95 + 154. What is the units digit of l?
3
Let t(f) = 37*f + 57. Let m be t(23). Suppose -4*i = -m - 484. What is the hundreds digit of i?
3
Let z = -50 + 68. Let o = 18 - z. Suppose 0 = -2*c - o*c + 80. What is the units digit of c?
0
What is the hundreds digit of 8695 - ((-2)/10)/(9 - (-880)/(-100))?
6
Suppose 2*z - 42 = -5*a, z + 3*a = -z + 34. What is the tens digit of (-2)/z - (-20305)/55?
6
Suppose g + 26223 = 5*v + 3*g, v - 4*g = 5249. What is the hundreds digit of v?
2
Let c(y) = -2*y**2 + 46*y - 23. Let n(k) = 45*k. Let v be n(-7). Let p be (v/75)/(2/(-10)). What is the tens digit of c(p)?
6
Suppose 5*s - 12 = 38. Let q be -5*((-16)/s - -2) + 2. What is the tens digit of 17*(q + (17 - (1 - -3)))?
2
Suppose -6 = 2*r, -3*g + 0*g + r + 8850 = 0. What is the units digit of g?
9
Suppose -20 = -4*j, 2*x - 621*j - 67375 = -616*j. What is the units digit of x?
0
Suppose -k - 104863 = -4*z, 4*z + k - 74055 - 30794 = 0. What is the hundreds digit of z?
2
Suppose -13*c + 11*c = 0. Let g(t) = t**3 - 4*t**2 + 2*t - 6. Let d be g(4). Suppose -170 = -d*h - c*h. What is the tens digit of h?
8
Suppose -3*m - 3*v + 6 = 0, 0 = -2*m + 5*v - 3 - 0. Let y be (-3 - 6)*(-1)/3*m. Suppose -4*b = -y*b - 18. What is the tens digit of b?
1
Let g(z) = -10 - 33*z**3 + 4 - 14*z - 11 + z - 6. What is the tens digit of g(-2)?
6
Suppose -9*u = -7*u + 2*a - 44862, -2*u + 44841 = -a. What is the thousands digit of u?
2
What is the units digit of 352/(-1936) - 872176/(-44)?
2
Let h be (5 - (-2 + 5))*125. Suppose 5*t + 207 = -3*g, 2*g + 2*t - h = 6*g. Let f 